uppose 0 = 8*o - 72 + 40. Determine y(o).
-30
Let r(w) be the third derivative of w**7/840 + w**6/72 + w**5/30 + w**4/12 + 23*w**3/6 - 23*w**2. Let t(d) be the first derivative of r(d). Give t(-4).
2
Let l(w) = 4*w**3 + 9*w**2 + w - 2. Let n(x) = -x**3 - x**2 + x - 1. Let q(j) = -l(j) - 5*n(j). Let u be (1 + 1)/((-6)/(-15)). Calculate q(u).
2
Let k(t) = -t**2 + 6*t - 1. Let v = 2343 - 2338. What is k(v)?
4
Let f be (-10)/(-4) + ((-228)/24)/(-19). Let y(d) = -d**3 + 2*d**2 + d + 1. Give y(f).
-5
Let z(x) = -x**2 - 4*x - 5. Suppose f + 11 = 2*f. Let c(b) = 3*b**2 + 13*b + 14. Let s(d) = f*z(d) + 4*c(d). Calculate s(-7).
-6
Let s(q) = -36*q**2 + 2*q + 34. Let d(g) = 13*g**2 - g - 12. Let a(v) = -14*d(v) - 5*s(v). Give a(2).
-2
Let w(m) = 2*m**2 + 2*m - 1. Let b(h) = 1. Let o(s) be the first derivative of 2*s**2 - 15*s - 4. Let u(n) = -5*b(n) - o(n). Let d be u(3). Determine w(d).
3
Let h be (24/9 + -3)*21. Let j(b) be the third derivative of b**5/120 + b**3/2 - 3*b**2. Let y(n) be the first derivative of j(n). Give y(h).
-7
Suppose 0 = 4*n + 31 + 9. Let f be 4/6 + n/15. Let u be (f + 1)*(-2 - 0). Let l(j) = -2*j**2 - 3*j - 2. Determine l(u).
-4
Let m(s) be the second derivative of -5*s + 1/2*s**2 - 1/4*s**4 + 1/20*s**5 - 1/2*s**3 + 0. Give m(4).
5
Let r(a) = 0 - a + a**2 + 3 + 1 - 3. Suppose -n + 6*n = -3*p + 11, -n = 3*p + 5. Determine r(n).
13
Let c(u) = -u - 24. Let m be c(-18). Let r be (m/(-15)*1)/((-3)/(-30)). Let s(w) = w**2 - w - 4. What is s(r)?
8
Suppose 5*z - 55 = 85. Let c = -41 + z. Let y(g) = -2*g + 16. Let q(s) = -s + 8. Let d(l) = c*q(l) + 6*y(l). What is d(6)?
-2
Let r(p) = 0*p + 0*p - 143*p**3 - 2*p + p**2 + 144*p**3 + 1. Calculate r(1).
1
Suppose -4*t = 108 - 116. Let f(l) = 4*l**2 - 2. Determine f(t).
14
Let y(h) = 30*h - 29. Let l(i) = 15*i - 15. Let k(s) = -13*l(s) + 6*y(s). Let q(d) = 7*d - 10. Let w(c) = 6*k(c) + 13*q(c). Determine w(4).
0
Let c(k) = -2*k + 5. Let r(v) = 4*v + 1. Let w(t) = 11*t + 2. Let b(i) = -8*r(i) + 3*w(i). Let j(f) = -b(f) - c(f). What is j(-6)?
-9
Let n(u) = -u**3 - u**2 - u + 3. Let x = 9 + -6. Suppose c - x*c - 3*h = 9, 0 = 2*c + h + 3. Let y be n(c). Let o(p) = -p**2 + p - 4. Give o(y).
-10
Let d(x) = -143*x - 30. Let s(j) = 41*j + 10. Let v(c) = -2*d(c) - 7*s(c). Let r(w) = w**3 + 3*w**2 - 2*w + 3. Let n be r(-4). Determine v(n).
-5
Let d(w) = w**3 + 6*w**2 - 3. Let v be 11 + (-36)/6 - 9. Give d(v).
29
Let b be (5 + -1)/((-19)/(855/(-12))). Let a(w) = w - 27. What is a(b)?
-12
Let l(x) = -x**2 + 2*x - 4. Let h = 50 + -47. Suppose 0 = 2*s - n - h, 3*n - 4*n = 5*s - 18. Determine l(s).
-7
Let b(h) be the third derivative of -h**4/4 + 7*h**3/3 - 17*h**2 - 2. Determine b(3).
-4
Let r(t) be the third derivative of t**4/8 + 5*t**3/6 + 200*t**2. Give r(-8).
-19
Suppose 32 = -l - 3*l. Let u = l - -8. Let h be (1 + -2)*(1 - u). Let m(c) = -c**3 - c**2. What is m(h)?
0
Let q(x) be the third derivative of -x**5/30 - x**4/8 - x**3/3 + 2*x**2. Let s = 4 + 16. Suppose 5*k - s = 0, -f + 1 + 1 = k. Calculate q(f).
-4
Let k(q) be the third derivative of 1/15*q**5 + 0*q - 1/120*q**6 + 1/2*q**3 + 0 + 18*q**2 - 5/24*q**4. Give k(3).
-3
Let l(y) = -y**3 - 9*y**2 - 11*y - 23. Suppose 2*i + f - 296 = -307, 3*i + 4*f = -4. Give l(i).
1
Suppose -3*x - 2*y = -0*y - 9, 3 = x + 3*y. Suppose x*f + 2*s = s + 14, 3*s = 15. Let l(p) = f*p**2 + 6 - p**2 - 11*p + 16*p - 2. Determine l(-3).
7
Suppose 2*y + 3*y = -4*q - 6, 30 = -3*y + 2*q. Let b(c) = -2 + 0*c + 2*c - 5. What is b(y)?
-19
Let h be (12 + 7205/(-600))*-2. Let r(s) be the third derivative of -3*s**2 + 0 - 1/3*s**4 - h*s**5 + 2/3*s**3 + 0*s. What is r(-7)?
11
Let u(g) = -g**3 + 7*g**2 - g + 6. Let z be 13/((-208)/(-20))*4. Calculate u(z).
51
Let n(v) be the third derivative of -v**5/30 - 5*v**4/12 - 3*v**3/2 + 91*v**2. Determine n(-6).
-21
Let l(f) = -9*f - 16. Let x(v) = -2*v**2 - 37*v - 172. Let j be x(-11). Determine l(j).
47
Let l(y) = 5*y**2 - 3*y - 4. Let s(r) = r**3 - 6*r**2 + 4*r + 5. Let j(n) = 6*l(n) + 5*s(n). Let f be (-6)/(-3) + -1 + -2. Give j(f).
-6
Let p(d) be the first derivative of -d**7/840 + d**6/90 + d**5/24 + d**4/8 + 4*d**3/3 + 29. Let a(o) be the third derivative of p(o). What is a(5)?
3
Let l(x) = -x**3 - 8*x**2 - 7*x + 6. Let n = 353 + -360. Calculate l(n).
6
Let s(h) = h**2 + 9*h + 5. Let c(g) = g**2 + 8*g + 5. Let j = -116 + 119. Let k(y) = j*s(y) - 4*c(y). Determine k(-4).
-1
Suppose -4*w - 3*k + 8 = 0, 3*w - 5*k - 10 = -2*w. Let o(n) = -n - 1. Determine o(w).
-3
Let v(k) = -k**3 - 8*k**2 - 9*k - 9. Let x be 1120/(-240)*6/4. What is v(x)?
5
Let y(z) = -z**3 + 6*z**2 - 2*z - 4. Let i = 349 - 346. Determine y(i).
17
Let v(f) = -19*f + 138. Let o be v(7). Let d(i) be the third derivative of 1/24*i**4 + 1/30*i**o + 0*i - 1/6*i**3 - 5*i**2 + 1/120*i**6 + 0. Calculate d(-2).
-3
Let l(x) = -2*x**3 - 14*x**2 + 37*x + 8. Let i be l(-9). Let f(q) = 12*q**2 - 1. Let r(j) = -37*j**2 + 4. Let o(t) = -7*f(t) - 2*r(t). Calculate o(i).
-11
Let f(w) = -w**2 - 3*w + 4. Let n be 21/3 + 0/2. Let o(d) = d**2 - 5*d - 2. Let h be o(n). Suppose l + h = -2*l. Calculate f(l).
0
Let o(v) be the third derivative of -v**7/2520 + v**6/240 - 11*v**4/24 + 18*v**2. Let a(u) be the second derivative of o(u). What is a(5)?
-10
Let l(n) = -27*n**2 + n - 1. Let d = -507 + 508. What is l(d)?
-27
Let l(w) be the first derivative of 5*w**2/2 + w - 1. Suppose 0*g + 5*g + 21 = 3*j, -j + 17 = -5*g. Give l(g).
-14
Suppose -4*u + m + 9 = 0, -4 = -0*u - u + 2*m. Let q be -3 - (1 + u) - -4. Let r(h) = 5*h**2 - 4*h**2 + 3*h - 2*h. Determine r(q).
2
Let s(o) = -o**3 - o + 1. Suppose -30*t + 51 = -47*t. Determine s(t).
31
Let f = 11 - 2. Let w = f - 6. Let q(o) = o**3 - 3*o**2 + 722 - 722. Give q(w).
0
Let i(o) = o**2 - o - 1. Let m be i(3). Let h(n) = m - 7 + 5*n + 1. Let s = -13 - -15. Calculate h(s).
9
Suppose 2*c + 3*j + 22 = 4*c, -3*c + 33 = -j. Suppose -49 = -c*z + 6. Let k(r) = r**3 - 6*r**2 + 5*r + 5. Determine k(z).
5
Let p(y) = 11*y**2 + 6*y**3 - 7*y**3 - 11*y**2 - 1. Suppose -3*a = 5*b + 8, 5*a - 5*b - 3 = 37. Suppose l + a*l = -5. Calculate p(l).
0
Let r(v) = -v + 10. Let m(j) = 5*j**2 + 2*j - 7. Let y be m(-3). Let a = -24 + y. Calculate r(a).
2
Let s(r) = r**2 - 4*r. Suppose 77 = -12*z + 125. Calculate s(z).
0
Suppose -3*u - 2*x = -u, 3*x + 18 = 3*u. Let w(b) = 7*b - 17. Calculate w(u).
4
Let v be (-1)/(-1)*-4 - (-25 - -16). Suppose -35 = -4*z - v*o + 8*o, 20 = 3*z - o. Let c(p) = p - 5. Determine c(z).
0
Let d(l) = l**3 + 10*l**2 + 10*l + 4. Let u be d(-9). Let g = u - -7. Let b(f) = -2 - 3*f - 1 - 3*f - f**g. Determine b(-6).
-3
Let d(c) = -5*c**3 - 13*c**2 + c - 16. Let q(j) = -3*j**3 - 8*j**2 - 9. Let x(p) = 4*d(p) - 7*q(p). What is x(-3)?
-4
Let g = -234 - -226. Let u(x) = x**2 + 11*x - 6. Determine u(g).
-30
Let p(j) = -6*j**3 + 2*j**2 + 2*j + 1. Suppose -2*x - 3*s = -6, 0*x + 4*s - 25 = 3*x. Let b = -4 - x. What is p(b)?
7
Let z(r) = r**3 + 9*r**2 - 8*r + 3. Let t(d) = 6*d**3 + 44*d**2 - 38*d + 16. Let p(k) = -2*t(k) + 11*z(k). Calculate p(10).
-19
Suppose -2*v - 5*b = -21, 3*v + 7 = b - 4. Let a = 3 + v. Let j(l) = l**2 + 2*l - 1. Calculate j(a).
2
Let t(c) = 7*c**2 - 2*c**2 - c**2 - c + 2*c**3. Let i = -4 + 17. Suppose 0 = -3*a - i + 4. Give t(a).
-15
Let j(d) = -d**3 - 2*d**2 + d + 6. Let x(y) = -2*y + 8. Let o be x(4). Let i be j(o). Let s(a) = a**3 - 7*a**2 + 6*a + 6. Determine s(i).
6
Let n(o) be the third derivative of -o**5/60 - 5*o**4/12 - 3*o**3/2 + 3*o**2 + 96*o. Determine n(-9).
0
Suppose 0 = h + 2 - 3. Let i be h/((-3 + 5)/12). Suppose -16 = 2*q - i*q. Let k(o) = -o**2 + 4*o + 4. Determine k(q).
4
Let l(x) = -10*x**3 - 2*x**2 + x. Suppose j = -2*j - 9. Let o(w) = -5*w - 13. Let c be o(j). Suppose 0 = -0*s - c*s + 2. Calculate l(s).
-11
Let m(i) be the first derivative of i**4/4 + 5*i**3/3 - 4*i**2 - 14*i - 194. Determine m(-6).
-2
Let x(r) = -r + 6. Let a(d) = -d + 14. Let k(c) = c - 7. Let z be k(-9). Let l = z - -22. Let b be a(l). What is x(b)?
-2
Let j be -6 + 6 + (-116)/4. Let k = -33 - j. Let i(a) = -2*a**2 + a + a**2 + 3 - 2*a. Calculate i(k).
-9
Let z(d) = -2*d**3 - 9*d**2 - 2*d - 4. Let o(n) = -4*n**3 - 20*n**2 - 5*n - 8. Let a(x) = -6*o(x) + 13*z(x). Determine a(3).
-19
Let b(c) = -5*c + 3. Let l(s) = 13*s + 275. Let o be l(-21). Calculate b(